43. Is n(q) a prime number?
False
Suppose -3*v = -5*h - 3012837, 12*v = 11*v + 5*h + 1004299. Is v prime?
False
Suppose 103*b = -4672381 + 20340638. Is b a prime number?
False
Let n(w) = -5*w**2 + 201*w - 38. Let z be n(40). Let h be 0/((2 + -1)*-1). Suppose -z*o = -0*b - 3*b + 73, 5*b + o - 100 = h. Is b composite?
True
Suppose -2*r + 12*r - 1254060 = 0. Is 4/20 + r/45 composite?
True
Let o = 6896 + -6582. Is o prime?
False
Let b be (-1009)/(-4) - (2/8)/1. Suppose -2*u = 7*u - b. Is 2/7 + 57476/u a composite number?
False
Is (33/99)/((-1)/(-114591)) a prime number?
True
Let y be 8/(8/(-147)) - 7. Is (-130934)/(-22) + 84/y a composite number?
True
Let b be ((-16)/36*-6)/((-16)/(-24)). Let n(u) = -3 - 6 + 49*u + 2 - 2. Is n(b) prime?
False
Suppose -136 = -3*c + 7*c. Let t = c + 70. Suppose 41*p = t*p + 8245. Is p a prime number?
False
Suppose 7*k - 4654888 = 319963. Is k prime?
True
Let i(v) = -244*v - 29. Let o be i(7). Let d = o - -721. Is (2/(-8) + 3)/((-2)/d) a prime number?
False
Let j = -45 + 47. Suppose 0*h = j*h. Suppose u = s - 48 + 464, 2*u - 5*s - 823 = h. Is u a prime number?
True
Let r(i) = -i**3 - 12*i**2 + i + 20. Let m be ((-16)/(-6))/(20/(-90)). Let k be r(m). Suppose -k*a + 3*a = -3395. Is a composite?
True
Let h be 18/10*(152/12 - 6). Suppose 0 = h*n - 15587 - 14425. Is n a composite number?
True
Let a(c) = 142007*c**3 - 31*c**2 + 33*c - 2. Is a(1) a prime number?
True
Suppose 14*m - 299559 - 45611 = -0*m. Is m a composite number?
True
Let t(m) = -35599*m + 2115. Is t(-4) a prime number?
True
Is (1/(-3))/(47/(-4938243)) composite?
False
Let g = 19 + -14. Suppose 0 = -g*u + 5 + 15. Is u/(-8)*(3 - 617) prime?
True
Let c = -53 + 56. Let d be c/12 + (-451)/4*139. Is (-4)/20 + d/(-10) a composite number?
False
Let l = -643 + 675. Suppose l*n - 24971 - 298293 = 0. Is n composite?
True
Let d be 16410 - 38 - (1 - -4). Suppose 0 = 12*g + g - d. Is g a prime number?
True
Let h(f) = 28*f**3 - f**2 - 38*f + 202. Is h(7) composite?
False
Let f = -134 - -129. Is 15120/5 + -2 + f a prime number?
False
Suppose -v = 4*a - 3784, 0 = -2*v + a + 818 + 6777. Suppose -y + 6305 = -0*x + 5*x, -3*x + 2*y + v = 0. Suppose 9*n = 11*n - x. Is n a prime number?
True
Let q = -110962 + 160281. Is q a composite number?
True
Let f = 214 + -193. Suppose f*b - 6*b - 3390 = 0. Is b a prime number?
False
Let j(s) be the third derivative of 5*s**5/12 + s**4/8 - 11*s**3/6 - s**2 + 47*s. Is j(2) prime?
False
Suppose 0 = -3*f + 8*f - z, -f + 3*z = -14. Suppose 0*o - g - 34 = -o, 5*o = -3*g + 162. Is -3 + 1 + o - (-3 - f) a prime number?
False
Let o = 1166 + 58. Suppose 3*n - o = 6*n. Let q = n + 2929. Is q a prime number?
True
Let l = 5658 - 3605. Is l a composite number?
False
Let f(g) = 19574*g**2 + 93*g + 292. Is f(-3) composite?
False
Suppose 4*x - 368 = -44. Let j = x + -78. Suppose -5*c + 3*p + 265 = -163, -2*c = j*p - 167. Is c a composite number?
True
Let q(z) = 6*z - 91. Let g be q(16). Suppose g*b - 4*m - 402 = 2521, -4*b = 4*m - 2360. Is b prime?
True
Let j(p) = -2*p**3 + 17*p**2 - 21*p - 9. Let s be j(-8). Let y = 9904 - s. Is y a composite number?
True
Let f be 8645 + 4/(-12)*0. Let y = f - 5777. Is y/10 - (-5)/25 - 0 prime?
False
Let w(u) = 11369*u - 9720. Is w(19) composite?
False
Let y be (-6)/4*(-16)/(-6). Let a(l) = -2*l**2 - 8*l + 2. Let u be a(y). Suppose 0 = u*h - 5*h + 2073. Is h prime?
True
Let q(h) = 8*h**2 - 6*h - 63. Let a = 41 - 13. Is q(a) a prime number?
False
Suppose -4*b = 2*y - 481118, -3*b + 111876 + 248940 = -3*y. Is b prime?
True
Is (-40)/(12 + -4) - 160958*-2 prime?
True
Let l be 0*(24/60)/(6/(-5)). Suppose -1653 = -t - l*p + 2*p, -3*t + 4969 = -p. Is t prime?
True
Let s = 1462 - -1302. Let y = s - 1785. Is y a prime number?
False
Let y = 283018 - 137849. Is y prime?
False
Let r(y) = -174*y**3 - 17*y + 9. Is r(-4) a prime number?
True
Suppose -5*z = -4*g - 736, -4*z + 7*z - 2*g = 440. Suppose -4*k + z = -10*k. Let u = -17 - k. Is u a prime number?
True
Let f be (-96)/3 - (0 + 5)*-1. Is 0 - ((-7430)/3 + 9/f) composite?
False
Let d(a) be the second derivative of 8*a**4/3 - 4*a**3/3 - 71*a**2/2 - 70*a. Is d(12) prime?
True
Let t(o) = 10*o**2 + 1142*o + 13. Is t(69) a prime number?
True
Suppose -3*x + 114 = 108. Suppose 3*y + 1206 = x*f + f, f + 5*y - 432 = 0. Is f a prime number?
False
Suppose -671 = -i + 6425. Suppose -7*u - i - 3698 = 0. Is ((-7)/(63/u))/((-6)/(-9)) a composite number?
False
Let s(q) = -416*q - 30. Let g be s(-7). Suppose 3*z = -5*a + 7226 + 1370, -z + g = 5*a. Let o = -1848 + z. Is o prime?
True
Let o be (126/(-36))/(2/(-4)). Suppose 13007 = 3*n - 2*l, -8*l = 2*n - o*l - 8662. Is n prime?
False
Let u = 130 - 480. Let k = -1510 - -923. Let w = u - k. Is w a prime number?
False
Let h(r) = r**3 + 9*r**2 + 5. Let w be h(-7). Suppose -2*a + w = 3*b, -5*a + 3*a + 2*b = -118. Let t = a + 337. Is t composite?
True
Is 6/(-75) + (-1598616)/(-200) composite?
False
Is (-360 + 1)*(109704/(-63) - (-2)/6) a prime number?
False
Let c(g) = g - 126 + 126 + 3406*g**2. Suppose -2*m = 4*z - 3*z + 5, 5*m + 17 = 2*z. Is c(z) composite?
False
Suppose 0 = -2*t + 3*r - 60, 0 = -t + 29*r - 24*r - 44. Is 11958/3 - (-10)/((-80)/t) a prime number?
True
Let a = 1 - -1. Let f(w) = -268*w + 9115. Let h be f(34). Suppose 5*c - 15145 = a*x, 5909 = h*c + 5*x - 3209. Is c composite?
True
Let x(n) = 11*n - 5. Let i be x(3). Is i/(-7)*(-2 - (-6975)/(-12)) a composite number?
False
Let v(j) = 91*j + 167. Suppose -c + 2*n + 38 = 0, -51 = -c + 3*n - 15. Is v(c) composite?
False
Let w = -149834 - -213783. Is w prime?
True
Let d(m) = 1085*m**2 - 348*m - 1393. Is d(-4) a composite number?
False
Suppose -4*s - 8863 = 2669. Let w = -4924 - s. Let u = -1400 - w. Is u prime?
True
Suppose -13*r + 1 = -12. Is 32/48 + r*(-16862)/(-6) a composite number?
True
Let k = 153 + -150. Is (12 - (8 - k) - 2) + 7858 a prime number?
False
Let l(j) be the third derivative of 9*j**5/20 + j**4/4 + 55*j**3/6 - 3*j**2 - 33. Is l(-6) a composite number?
False
Suppose -3*x + 9 - 6 = 0. Let w be (788/12)/(x/57). Suppose 5*q = k + 2*k + w, -k + 2257 = 3*q. Is q a composite number?
False
Let z(r) = 1232*r**2 - 1832*r - 61. Is z(33) composite?
False
Is (1 - 3)*(2 + (-15141660)/40) a prime number?
False
Suppose -4*q = -57*l + 54*l - 229991, -l = -5*q + 287486. Suppose 1503*i + q = 1514*i. Is i composite?
False
Let r = 1873 - 467. Suppose 0 = 6*u - 8*u - r. Let q = u - -1997. Is q composite?
True
Let k be (-22)/(-8)*(-1 + -3 + 8). Suppose 288 = k*w + w. Suppose -21*f + w*f = 3531. Is f a prime number?
False
Let j(o) = -4*o**3 - 5*o - 4. Let g be j(-1). Suppose -r = -2*i + 3389, 4*i = g*r + 3267 + 3520. Is i a prime number?
True
Let r be 4 - 3672/(-20) - (-6)/15. Suppose 5*a - 2*t = 1445, 1252 = 5*a - 3*t - r. Is a a prime number?
False
Suppose -9*m = -85*m + 3566908. Is m composite?
False
Suppose v + 19 = 3*x + x, -4*x = 2*v - 34. Suppose x*g + 8382 = 12*g. Is g a prime number?
False
Suppose b - 36425 = -4*b + 5*x, 5*b = -5*x + 36465. Let d = 47 + -47. Suppose 0 = 2*p - u - d*u - b, 3*p - 5*u - 10944 = 0. Is p composite?
False
Let l = 6151884 + -4069387. Is l prime?
True
Suppose -5*g + 4*c + 393635 = 60716, 0 = g - c - 66583. Is g a prime number?
True
Let o(w) = 64*w + 4. Let s be o(0). Suppose 7393 = 3*f - s*g, -2*f + 7133 = 4*g + 2231. Is f composite?
False
Let a(i) = -3*i**2 - 301*i - 438. Is a(-95) composite?
True
Let p(u) = 213*u**2 + 115*u - 1395. Is p(13) composite?
False
Let k be 299/5 - 2/(-10). Suppose 1499 = 3*u + 4*x, -563 = -u - 2*x - k. Is u a composite number?
True
Let w(v) = v**3 + v**2 - 4*v. Let q be w(-2). Suppose -4*t - c = -2*c - 1674, 411 = t - q*c. Is t prime?
True
Let x = 68505 - 40184. Is x a prime number?
False
Let o = 255184 - -399295. Is o composite?
True
Is 8/4*2666228*(-21)/(-168) a prime number?
True
Let q(d) = -23*d**3 + 28*d**2 - 28*d - 71. Is q(-20) a composite number?
True
Let q be (-9)/12*32/12. Is 158/6*(0 - q - -235) a prime number?
False
Let p be 1/(-4) + 10870/(-40). Let x = -1351 + 1194. Let v = x - p. Is v a composite number?
True
Suppose k = -11 + 14, 6*s + 3*k = 1625595. Is s prime?
True
Let z = -94 + 102. Suppose 7*x = z*x - 5*w - 3746, 0 = -4*x - w + 15047. Is x a prime number?
True
Let z(y) = -230*y**2 - 2*y + 1. Let q be z(-1). Let a be